t(w) = 5*w - w + 1 - 3. Is t(6) composite?
True
Let u(c) = c**3 + 7*c**2 - 11*c + 2. Let z = -19 - -11. Is u(z) prime?
False
Suppose f + 81 = 280. Suppose f = 3*d - 0*d + 4*l, -5*l = 10. Is d prime?
False
Let l = -13 + 21. Let u be -4*(0 - (-14)/l). Is (-1)/1 + u/(-1) a prime number?
False
Suppose 0 = 5*u - a - 37, -4*u + 16 + 16 = -2*a. Suppose -u*g = -2*g - 445. Is g prime?
True
Is -4 - (1 + 0)*-483 a composite number?
False
Let w = 151 - 106. Suppose -l - 4*l = w. Let b(h) = -3*h + 6. Is b(l) a prime number?
False
Suppose 3*p + p = -5*j + 105, 3*p = 3*j - 63. Let i = j - -37. Is i a prime number?
False
Let c = -289 + 40. Let p = -160 - c. Is p a composite number?
False
Let j = 9 + -7. Suppose -2*y - j*y = -248. Let l = y - 31. Is l composite?
False
Suppose 16 = -4*f, -4*a + f - 2432 = -108. Let r be (2/4)/((-3)/a). Suppose -2*t - r + 251 = 0. Is t a composite number?
True
Let j be ((-9)/12)/((-3)/(-12)). Let m = 1 + j. Is (6/9)/(m/(-6)) composite?
False
Is 0 + 3 - (-257 + 6) a composite number?
True
Is 68*(-1)/(-1) + -3 a composite number?
True
Suppose 3 = 2*k + 9. Is 39*((-8)/k + -2) prime?
False
Let h(s) be the first derivative of s**4/4 + 5*s**3/3 + 3*s**2/2 - 2. Let n be h(-4). Suppose -2*w + 53 = 5*i, 2*i + n*w - 6*w - 24 = 0. Is i a prime number?
True
Suppose -3*a = -5*b + a + 50, 3*a - 3 = -3*b. Is 155 - (3 - (-3 + b)) composite?
True
Let g(x) = x**3 + 4*x**2 + 7*x + 7. Is g(8) prime?
False
Let p = -5 - -4. Let v(a) = -107*a**3 + 3*a + 2. Is v(p) a prime number?
False
Suppose q + 39 = 9. Is 24/q*10/(-4) prime?
True
Suppose 8 = 4*r + 3*t, r = -2*t + 5 - 3. Suppose 20 = -4*x, r*f + 5*x = 4*f - 311. Is f prime?
False
Suppose -22 = -5*i + 8. Is i a composite number?
True
Let f(l) = 83*l - 1. Let w = -5 + 9. Is f(w) prime?
True
Let m = 18 - 3. Is m composite?
True
Is 3/1 + 208 + 0 a composite number?
False
Let g(i) = -59*i - 3. Is g(-2) prime?
False
Suppose -2*q = -2*h - 14, 0*h = -h - 2. Suppose q*i - 1068 = -143. Is i composite?
True
Let f(v) = v**3 - 8*v**2 + 6*v + 3. Let r be f(7). Let i be (-2895)/20 - 3/r. Let b = -55 - i. Is b composite?
False
Suppose -5*a + 26 = -5*r + 6, a + 32 = -5*r. Let s(p) = p**2 + 6*p + 2. Let o be s(-7). Is 21/o*r/(-2) composite?
False
Is (-4 + 3 + 2)/(4/1180) prime?
False
Let b(m) = 10*m**2 + 2*m - 1. Is b(-2) prime?
False
Suppose -2*h + 2*f = 2*h - 50, 4*h = -f + 47. Suppose 4*i + h = 0, -9 = -3*x + 2*i + i. Suppose 55 = 4*q - g - 4*g, x = 2*g + 6. Is q prime?
False
Let q = 18 + -25. Let o = 17 + q. Is o a composite number?
True
Let o(g) = -76*g**3 + 3*g**2 + 2*g + 5. Is o(-4) prime?
True
Let u(m) = -m - 3. Let v be u(-5). Suppose 0*g + v*h = 2*g - 60, 3*h - 12 = 0. Is g composite?
True
Suppose -4*v = 5*w + 20, 0*w - 16 = -3*v + 4*w. Let r(a) = 12*a + 1. Let s be r(1). Suppose v = 3*z - s - 17. Is z a composite number?
True
Let n(g) = 0 - 8*g - 8*g + 4 - g. Is n(-3) composite?
True
Let q(l) = l**3 + l**2 - l. Let x(o) = 3*o**3 + 6*o**2 + 2*o + 2. Let s(z) = 4*q(z) - x(z). Is s(6) a prime number?
False
Suppose 0 = -m - 2*m - 6. Is (-2 - m)/(-2) + 77 a composite number?
True
Let w(h) = 276*h**3 + 2*h**2 - h - 1. Is w(2) composite?
False
Let l = -2 - -9. Let q be 5*l/(105/(-18)). Let i = 0 - q. Is i composite?
True
Is 4384 - 2 - 9/(-3) prime?
False
Let b be (783/(-36))/((-3)/(-8)). Let s = 21 - b. Is s composite?
False
Let t(n) be the second derivative of 4*n - 25/6*n**3 - 3/2*n**2 + 0. Is t(-2) a composite number?
False
Let s be ((-24)/(-30))/((-2)/(-5)). Suppose 10 = s*t - 68. Is t prime?
False
Let s(d) = 3*d**2 - 9*d + 2. Let u be s(6). Let y = 90 - u. Suppose 0*h - h = -y. Is h a prime number?
False
Let x = -15 + 23. Let h be 2/(-10) - 10/(-50). Suppose h = -4*w - i + 146, -x = i + 3*i. Is w prime?
True
Let j(z) = -z**2 - z + 6. Let g be j(0). Suppose -6*q + 2*q + 2*o = -g, 5*o = 5*q - 15. Suppose 2*w - 4*w + 12 = q. Is w composite?
True
Let d(y) = 3*y**2 + 2*y - 2. Let l be d(-3). Suppose b + 7 = 61. Let t = b - l. Is t a composite number?
True
Let y = 17 + 1. Let p = y - -49. Is p a prime number?
True
Let n = 13 + -4. Suppose -3*s = 3*m + n, 2*s - 30 = 3*m - 11. Suppose -f + 4*v + 10 = -12, 5*f - s*v = 110. Is f a prime number?
False
Let b = -3 + 3. Let n = 16 + b. Let u = n - -3. Is u composite?
False
Suppose -2*y = -12 - 8. Let x(b) = -2*b + 4 - 3 - 5*b + 11*b**2 - b**3. Is x(y) a prime number?
True
Suppose -5*w - 2*r + 24 = 0, 0 = -5*w - 0*r + 4*r + 12. Suppose -2*i = w*s - 7*s - 227, 2*i - s - 229 = 0. Is i prime?
False
Let t(j) = j**3 + 5*j**2 + 3*j - 1. Let f be t(-4). Is (2 - f - 1) + 115 a composite number?
False
Let a = -107 + 532. Suppose f = -4*f + a. Is f a prime number?
False
Let u(r) = 13*r - 5. Let p(c) = -c**3 + 6*c**2 + 7*c + 4. Let h be p(7). Is u(h) composite?
False
Let t(h) be the third derivative of h**4/24 + 185*h**3/6 + h**2. Is t(0) prime?
False
Let m = -36 - -111. Suppose 3*w - m = -z - w, -5*z + 337 = w. Is z prime?
True
Let k = 130 - 92. Let r = k + 39. Is r composite?
True
Suppose -u + k = u - 9, 0 = k + 3. Suppose -u*m = 4*c + 59, 0 = -c - 3*c - 5*m - 69. Let o = c - -21. Is o a prime number?
False
Let z(l) = -40*l + 3. Is z(-8) prime?
False
Let i = -1218 - -2225. Is i a prime number?
False
Suppose -308 = -2*g + 66. Let o = g + -128. Is o prime?
True
Let d = -122 + 207. Is d a composite number?
True
Let s = 9 + -6. Suppose -195 = -s*c - 0*c. Is c a composite number?
True
Let o = 48 + 58. Is o a composite number?
True
Let m(q) = 8*q**2 - q + 1. Is m(-4) prime?
False
Suppose 2*h + 1904 = 4*v - h, -2*h = -v + 476. Is (1 + 0)*v/4 composite?
True
Suppose -t + 51 = -16. Is t a prime number?
True
Suppose 4*i = 2*i - 16. Is -2*(1 + 1684/i) prime?
True
Is (21/(-3))/(1/(-53)) prime?
False
Suppose m - 5*m - 5*i + 37 = 0, -5*i = -3*m - 16. Suppose 0 = m*u - 2*u. Suppose -3*f = -u*f - 489. Is f composite?
False
Let v(p) = -p**3 - 9*p**2 - 8*p + 4. Let q be v(-8). Suppose 74 = 2*s - 3*i, -5*s + q*i = 3*i - 211. Is s a composite number?
False
Let u(r) = 13*r**2 - 3*r - 27. Let k(p) = 7*p**2 - p - 14. Let j(f) = 11*k(f) - 6*u(f). Let i be j(6). Is 621/7 + 4/i a prime number?
True
Suppose 4*z - 201 + 1625 = 0. Let u = -165 - z. Is u a composite number?
False
Let a = -616 + 1035. Is a a prime number?
True
Let m = 56 + 90. Is m prime?
False
Let y be (3/(-6))/((-1)/(-2)). Is 8 + (-1 + 3)/y a prime number?
False
Let f(d) = -7*d - 3. Let o(x) = -7*x - 3. Let c(i) = -5*f(i) + 6*o(i). Let g be c(-4). Suppose 0 = r + 5*j - 70 + g, 110 = 2*r + 5*j. Is r a prime number?
False
Let a be -18*1 + 2 + -3. Let g = -17 - -50. Let j = a + g. Is j prime?
False
Let u be 23 - 6*(-2)/4. Let x = 49 - u. Is x prime?
True
Let c(i) = 14*i**3 + i**2 - 5*i - 1. Is c(3) prime?
False
Let q(b) = b + 1. Suppose -x = -3*f, 4*x - 8 = 3*x - 5*f. Let o be q(x). Suppose o*v - 3*k = 482, -v - 4*k = -29 - 82. Is v prime?
False
Let j(x) = 1 + 8*x + 5*x + 1. Is j(5) composite?
False
Suppose 4 = -2*j, -4*j = -5*o + 127 - 9. Is o a composite number?
True
Let h = 6 + -6. Suppose -4*s - t + 456 + 356 = h, 2*t + 609 = 3*s. Is s composite?
True
Suppose -2*i = -q + 309, 8*i - 5*i - 1225 = -4*q. Is q composite?
False
Let x(j) = -8*j + 21. Is x(-16) a composite number?
False
Suppose 2*n = -3*n. Suppose -2*k + 313 = -5*b, 0 = -k - 4*b - n*b + 137. Is k prime?
True
Let m(x) = x. Let s(a) = -a**2 + 8*a - 7. Let j be s(7). Let r be m(j). Suppose 3*o + 220 = 7*o - u, r = 3*o - 5*u - 165. Is o a composite number?
True
Let y(l) = 10*l**2 - 12*l + 3. Is y(-4) a composite number?
False
Let o(n) = -3 + 1 + 4*n + 3 - 4. Is o(9) a prime number?
False
Let h be (8/10)/((-10)/(-1175)). Suppose -l - 145 = -4*n, 2*l + l = -2*n - 477. Let b = h - l. Is b composite?
False
Suppose 0*a + 1103 = z + 4*a, -4*z = -4*a - 4332. Is z a prime number?
True
Suppose -3*h + 566 = -3*x + 68, -3*x + 307 = 2*h. Is h prime?
False
Let b(g) = 4*g**3 - 3*g**3 + 0*g**3 - g + 0*g**3 - 2*g**2. Let o be b(3). Suppose -25 = -n + o. Is n a composite number?
False
Let k(l) = 9*l**3 - 6*l**2 - 3*l + 7. Is k(5) composite?
False
Suppose 3*l - 4669 = -4*m, 7*l = 2*m + 2*l - 2315. Is m a composite number?
True
Suppose 0 = 2*p - 4*p + 186. Is p prime?
False
Suppose 0 = v - 26 - 20. Is v composite?
True
Suppose 0 = 2*i + 2*t - 2314, 0*i + 1155 = i + 2*t. Is i a prime number?
False
Let 